(n) = -2 - n + 0 + 2 - 2. Give w(-4).
2
Let n(o) = o + 1. Let c(p) = 12*p + 14. Let b(w) = -c(w) + 10*n(w). Let x = 7 + -7. Suppose x*l + 5*l = -20. Give b(l).
4
Let c be (-3)/((-3)/1)*3. Let o(z) = -z**3 + 16*z**2 - 15*z + 3. Let u be o(15). Let t(i) = 6*i**2 - 2*i - i - i**u - 2 - 2*i**2 + i**2. Calculate t(c).
7
Let y(f) = -f**3 + 3*f**2 - f - 1. Suppose -2*h = -0*h - 6. Give y(h).
-4
Let h(k) = -6 + 11 + 5 + k**2 + 9 + 12*k. What is h(-10)?
-1
Suppose 4*i - 13 = -5. Suppose 4*b + 2 = 6*b + 2*u, -i*b + 5*u = -16. Suppose 3 = -4*p + b*g, -g - 2*g + 27 = 4*p. Let j(s) = s**2 - 3*s - 1. Determine j(p).
-1
Suppose 51*q + 2*y = 49*q + 2, -9 = -2*q + 5*y. Let w(n) = -7*n + 3. Give w(q).
-11
Let n(y) be the second derivative of y**5/20 - y**4/4 + y**3/2 - y**2 - y. Let o = -27 - -26. Let c be -3 + (o - 4)/(-1). What is n(c)?
0
Let x(g) = g**2 + g. Let y(c) be the second derivative of c**4/2 + 4*c**3/3 + 3*c**2/2 + 40*c. Let i(k) = 5*x(k) - y(k). What is i(-6)?
-21
Let r(z) = -z**2 + 7*z + 4. Let o(p) = -3 - 1 - 6*p**2 + 2*p + 0 + 9*p**2. Let l be o(-3). Let i = l + -10. What is r(i)?
4
Let v(t) be the third derivative of t**4/8 + 9*t**3/2 + 2*t**2 + 131. Calculate v(-12).
-9
Let o(g) = 42*g - 21*g - 4 - 15*g - 17*g. Calculate o(-1).
7
Let x be (-6)/((-30)/35) - -4. Let q(u) = -6*u**2 + 18*u**3 + u - 17*u**3 + x - 13. Give q(6).
4
Let j(w) = -3*w. Suppose 3*r = -s + 3, -4*s + 13 = -2*s - r. Let a be 1 + (-1 - 3 - s/(-3)). Determine j(a).
3
Let k(t) = -t - 18. Let h(b) = b + 16. Let o(j) = -6*h(j) - 5*k(j). Determine o(-8).
2
Let v(d) = -5*d + 11*d + 13 - 15*d + 8*d. Let a(u) = -9*u - 1. Let x be a(-1). Give v(x).
5
Suppose -12*j - 1 = -13*j. Let v(p) = -2 - p + 4 - 2. Calculate v(j).
-1
Let n(w) = -2*w - 2. Suppose 0 = -p - 0 + 15. Suppose -3*q = 2*q - p. Suppose -q*l - 6 = 3*s, -5*s - 4*l - 1 = 9. Determine n(s).
2
Let g(t) = t**3 - 7*t**2 + 6*t - 10. Let n be g(7). Suppose 3*h - n = -14. Let y(d) be the first derivative of -d**3/3 + 2*d**2 + 5*d - 5. Determine y(h).
-7
Suppose -8*f + 116 = 20. Let g(u) be the first derivative of f*u - 3 - 1/2*u**2. Calculate g(6).
6
Let q(w) = 4*w**2 - 2*w + 1. Let j(g) = 6*g**2 - 4*g + 2. Let s(l) = 3*j(l) - 5*q(l). Calculate s(-2).
-3
Let c(s) = 4*s**3 + 7*s**2 - 7*s - 4. Let l(a) = -7*a**3 - 13*a**2 + 13*a + 8. Suppose -9*y = 2 + 43. Let f(h) = y*c(h) - 3*l(h). What is f(-5)?
-9
Let i = -38 + 52. Let o(g) = 2*g**2 + 2*g**2 - 6*g + i - 4*g - 5*g**2. Give o(-10).
14
Let r = 28 - 22. Let n(g) be the third derivative of 0 + 0*g + 0*g**5 + 0*g**4 + 0*g**3 - 5*g**2 - 1/30*g**r. Determine n(-1).
4
Let y(o) be the third derivative of -1/60*o**5 + 0*o**4 + 0 + 7*o**2 + 1/6*o**3 + 0*o. Give y(-3).
-8
Let a(n) = -9*n + 37. Let s = -125 + 129. Let c be a(s). Let x(k) = -6*k**3 + k**2 + k - 1. Determine x(c).
-5
Let z(d) = -d**3 - 7*d**2 - 6*d - 8. Suppose -r + 2*r - 48 = 0. Suppose -l + r = 3*l. Let q = l + -18. Calculate z(q).
-8
Let l(f) = -f + 5. Let o = -1 + 113. Suppose -15*w + o = -19*w. Let x = w - -22. Determine l(x).
11
Let v(t) = 0*t + t**2 + t - 2*t - 2*t + 5. Determine v(3).
5
Let j = -7113 + 7119. Let v(g) = 4*g**3 - 10 + 3 - 6*g - 5*g**2 - 3*g**3. What is v(j)?
-7
Let n(o) = -o + 8. Let r be n(6). Let z(a) = -6 - 5 + 9 - r*a. Calculate z(-5).
8
Let f be 4 - (3 + -6 + -2). Let o(j) be the second derivative of j**5/20 - 5*j**4/6 + 7*j**3/6 + 11*j**2/2 + 68*j. Give o(f).
-7
Let u(o) be the third derivative of o**6/120 - o**5/30 + o**4/8 - o**2 - 2749*o - 2. Suppose -t + 2 = -0*t. Calculate u(t).
6
Suppose 3*n = 2*k - 14, -5*n - 7 = -4*k + 17. Let h be (-32)/12*9/(-6). Let i(r) = 4*r - r + 2*r + k - h*r. What is i(0)?
1
Let a(f) = -f**2 - f - 8. Suppose 2*y = 9*y - 28. Let o be (y + -4)/(0 + 1). Determine a(o).
-8
Let y(a) = a + 2. Let v(p) = 1. Let s(w) = 9*v(w) - 2*y(w). Give s(9).
-13
Suppose -2*f + 5 = -f. Let m be -19 + 24 + (-33)/(-3). Suppose 4*n + 3*y = -m, -4*y - 9 = -f*n + 2. Let v(g) = -10*g**3 - 1. Determine v(n).
9
Let p be (-3 + -2 - -5) + -1 - -7. Suppose -4*a + 3 = -5. Let q(l) = 2*l**2 - 7*l + 2*l - l**a. Calculate q(p).
6
Let n(g) = g**2 + 7*g + 3. Let m(p) = -p**2 - 2*p + 19. Let h be m(-6). What is n(h)?
-7
Let s(j) = -11*j**3 + 25*j**2 + 44*j + 7. Let y(z) = -4*z**3 + 8*z**2 + 15*z + 3. Let d(c) = -3*s(c) + 8*y(c). Determine d(12).
3
Let g be 6/4*(-2)/(-3)*85. Let u = -84 + g. Let j(o) = 9*o**2 + 1. Determine j(u).
10
Let w(f) = -3*f**2 + 10*f - 6. Let c(b) = -5*b**2 + 10*b - 7. Let g(u) = -2*c(u) + 3*w(u). Determine g(-10).
-4
Let u = -15 + 9. Let w(d) = -4*d - 57. Let k(s) = s + 11. Let v(h) = 11*k(h) + 2*w(h). Calculate v(u).
-11
Let w(t) = t**2 - 5*t + 3. Let l(g) = -g**2 - 4*g - 3. Let d be l(-3). Let x be (10 - 3) + -7 - (1 + -6). Let y = x - d. What is w(y)?
3
Suppose -4*b + 30 = -14. Suppose -b*x = -8*x + 36. Let o = x + 8. Let h(w) = -2*w - 2. Determine h(o).
6
Let p(u) = -u**3 + 7*u**2 - 10*u - 9. Let k be p(4). Let z(w) = -15*w**2 - w - 3. Let i(r) = 15*r**2 + r + 2. Let m(j) = 3*i(j) + 2*z(j). Determine m(k).
14
Let o be (-10)/(-6)*(-10 + 23 - 7). Let x(i) = -i**2 + 9*i + 14. Give x(o).
4
Suppose 0 = -2*p - 2*j - 3*j + 15, p - 6 = -j. Let z(g) = 0 - 2 - g**2 + 12*g - 5*g. Calculate z(p).
8
Suppose 749 - 848 = 11*c. Let o(g) = 2*g + 24. Determine o(c).
6
Suppose 3*g - 5 = -4*h, -18 = -5*h + 4*g - 4. Let l(z) = 0 + 2*z + 0 + 4*z + z**2 + h. Let f = -3 + -3. Give l(f).
2
Let j be (0 - -1)/(6/18). Let k(d) be the third derivative of d**5/60 - d**4/6 + d**3/2 - 22*d**2. Give k(j).
0
Let h(x) = -x**3 - 6*x**2 - 5*x + 10. Suppose -4*z - z - 20 = 0. Let t be h(z). Let u(f) = -3*f - 2. Calculate u(t).
4
Let g(b) = -9*b**3 - b**2 - 2*b - 1. Suppose -3*o = -4*r + 3*r + 8, -r + 5 = 0. Determine g(o).
9
Let b(j) = -91 - 4*j - j + 84 + 3*j. Give b(-5).
3
Suppose -5*a + 15*a = -160. Let u(s) = -s**3 - 15*s**2 + 16*s + 11. Give u(a).
11
Let j(k) be the third derivative of k**5/60 + 5*k**4/8 + 2*k**3 - 8*k**2 + 3*k. What is j(-13)?
-14
Let a(w) be the second derivative of 3 - 11*w - 1/6*w**3 - 10*w**2. What is a(-16)?
-4
Let y(v) = -14302*v - 16*v**2 + 3 + 7155*v + 7151*v. Give y(-1).
-17
Let c(h) = -3*h. Suppose 0 = 4*t - 342 + 362. Calculate c(t).
15
Suppose 15 = -30*d + 29*d. Let k(n) = n + 7. Let w be k(d). Let f(a) = -a - 7. Give f(w).
1
Let k(v) be the first derivative of -v**4/4 - 4*v**3/3 + 4*v**2 + 5*v + 167. Determine k(-5).
-10
Let a(y) = y**3 + 6*y**2 + y - 6. Let u(f) = f**2 - 21*f - 20. Let v be u(22). Suppose 10*r + 72 = -v*r. Calculate a(r).
-12
Let w(r) be the third derivative of r**6/120 - 2*r**5/15 - 5*r**4/12 + 7*r**3/6 + 431*r**2. What is w(9)?
-2
Let x(k) = k - 2. Suppose 5*y = 0, -y - 25 - 53 = 3*v. Let m = v + 23. What is x(m)?
-5
Let t(f) = 3*f + 7. Let r = -601 + 598. Give t(r).
-2
Let x(y) = 22*y + 122. Let m(t) = 5*t + 28. Let z(s) = 9*m(s) - 2*x(s). What is z(-6)?
2
Let f(x) = -x**3 - 9*x**2 - 8*x + 1. Let u = -31 + 40. Let c be (-8 + 5)*(15/u - -1). Calculate f(c).
1
Let t(s) = -16*s - 3. Let n(i) = 19*i + 3. Let v(r) = 4*n(r) + 5*t(r). What is v(2)?
-11
Suppose 2*s = -0*s + 3*c - 72, -4*c = -3*s - 107. Let k = s - -29. Let g(f) = -f. Calculate g(k).
4
Let b(a) = -a + 1. Let d be b(1). Let g(h) = 2 - 5 - h + d*h + 11. What is g(7)?
1
Let h(c) be the third derivative of 1/120*c**6 + 0*c - 1/5*c**5 + 0*c**4 - 2/3*c**3 + 0 - 38*c**2. Give h(12).
-4
Suppose 2 + 4 = -6*p. Let x(k) be the third derivative of -7*k**6/120 - k**5/30 - k**4/24 - 16*k**2. Determine x(p).
6
Let k(n) = -n**2 + n**3 - 8 - 13*n**2 - 5 + 5*n + 12 + 6*n**2. Give k(7).
-15
Let i(o) be the first derivative of 3/2*o**2 + 0*o + o**3 + 45. Calculate i(-2).
6
Let z(f) be the third derivative of f**4/24 + 5*f**3/2 - 30*f**2. Determine z(-9).
6
Let v(q) = q**3 - 4*q + 14 + 2*q**2 - 2*q**3 - 12. Let y be -8*-2*(-4)/(-8). Suppose -13*x + y = -9*x. Give v(x).
-6
Let f(h) = -1 - 4*h**2 - 2*h + 0*h + 8*h + 5*h**2 - h. Let w(j) = -5*j**3 - j. Let p be w(1). Calculate f(p).
5
Let u(o) = 7*o + 9*o + 9*o + 8*o - o**3 - 32*o - 5*o**2 + 7. Determine u(-5).
2
Let h(k) = -5*k**2 - 2*k + 23. Let o(x) = -2*x**2 - x + 8. Let a(l) = 3*h(l) - 8*o(l). Determine a(4).
29
Let f(k) = -2*k**2 + 19*k - 6. Let x be -9*(-2 - (-1 - 0)). Let n = x + -6. Let q(o) = -o**2 + 9*o - 3. Let u(j) = n*f(j) - 7*q(j). Give u(6).
3
Let k(b) 